684, -q*g + 362 = k. What is the units digit of k?
6
Let l(a) = a**3 - 8*a**2 + 7*a + 9. Let c = 72 - 65. Let s be l(c). Suppose f = s*f - 792. What is the tens digit of f?
9
Suppose 848*y = 847*y + 10048. What is the ten thousands digit of y?
1
Let v = 78 + -74. Suppose -3*f + v*f + 4*g = 289, 4*g = f - 289. What is the tens digit of f?
8
Suppose -41*o = -37*o + 4. Let m be (o/2)/((-1)/60). What is the tens digit of (-1042)/(-5) + m/(-75)?
0
Let h(d) = 83*d**2 + 8*d - 12. Let l be h(6). Let r = l - 1892. What is the tens digit of r?
3
Let n(h) = -4*h**3 + 17*h**2 - 5*h + 6. Let j be n(7). Let m = -383 - j. Suppose -m*w = -189*w + 284. What is the tens digit of w?
7
Suppose 156957 = -12*y + 54*y - 158715. What is the units digit of y?
6
Let d(i) = -i**3 - 8*i**2 + 22*i + 153. Let a be d(-12). Suppose -y = -5*s - a, y - 2*s - 171 = 285. What is the tens digit of y?
5
Suppose -v + 5*x + 9 = 0, -5*v - x + 5*x + 24 = 0. What is the hundreds digit of (7 - -250)/(-3 + v)?
2
Suppose -409*o - 393096 = -442*o. What is the hundreds digit of o?
9
Let r be 3/6*-2 - (10 + -1). Let p(o) be the second derivative of -o**3 + 4*o**2 - 15*o. What is the units digit of p(r)?
8
Let q(v) be the third derivative of v**5/30 - v**4/12 - 2*v**3/3 + 27*v**2. Let g be q(2). Suppose g = -14*x + 7*x + 966. What is the units digit of x?
8
Let c = 7396 - 3843. What is the hundreds digit of c?
5
Let y = 310 - 316. What is the units digit of y/4*40524/(-99)?
4
Suppose 0 = 5*x - 3*h - 8374, -4*x - 4*h + h + 6710 = 0. Suppose -42 - 4982 = -3*j + b, j = -b + x. What is the units digit of j?
5
Suppose 5*p - 29 = -m + 1, 0 = 4*m - 20. Let i = -6408 - -6408. Suppose p*r - 14 - 446 = i. What is the tens digit of r?
9
Suppose 3*k + 3*r = 13401, -3*r + 2296 = -4*k + 20136. What is the tens digit of k?
6
Let u(f) = -f**2 - 41*f - 30. Let y(q) = -24*q**3 - 2*q**2 - 3*q + 4. Let d be y(1). What is the tens digit of u(d)?
7
What is the hundreds digit of (-56655)/(-6)*-8*(-3)/36 - 3?
2
Let x = -21 - -24. Let y = -512 - -914. Suppose -y = -3*u - x*r, -4*u + 10*r + 563 = 5*r. What is the tens digit of u?
3
Suppose 2*z - 24216 = -4*q, 2*z - 9*q = -14*q + 24222. What is the hundreds digit of z?
0
Let t = 12 - 13. Let h(x) = 126*x**3 + x + 2. Let u be h(t). Let j = u + 262. What is the tens digit of j?
3
Let c = 42 + -29. Suppose c - 13 = 3*y. Let h(s) = s**2 + s + 83. What is the tens digit of h(y)?
8
Let q(k) = -k**3 + 115*k**2 - 280*k - 147. What is the hundreds digit of q(106)?
2
Let h(a) = 8*a - 24. Suppose -9*u + 66 = -3*u. Let z be h(u). Suppose -3*i + z = -3*r - 251, 2*i - 3*r - 208 = 0. What is the units digit of i?
7
Let v(a) = -a**2 - 3*a + 3. Let m be 6*((-12)/8)/(2 + 1). Let d be v(m). Suppose -664 = -i - d*i. What is the hundreds digit of i?
1
Suppose -28 = 5*f + 8*c - 4*c, 0 = 2*f - 4*c. What is the units digit of (-244)/(3 + f - 0)?
4
Let i = 33013 - 20885. What is the tens digit of i?
2
Let c(s) = s**2 + s + 3. Let m(p) = 5*p**2 - p + 37. Let n(a) = -3*c(a) + m(a). Suppose -2*h = -5*y - 14, 3*h = 7*h + 5*y - 28. What is the units digit of n(h)?
8
Let i(l) = 4*l**3 + l**2 - l + 12. Let b be i(-5). Let d = -190 - b. What is the hundreds digit of d?
2
Suppose -28 - 116 = 3*g. Let a be 1 + 7/(-6) + (-8)/g. Suppose a = k + 2*m - 103, -2*k - m = -k - 101. What is the units digit of k?
9
Let f be (-5 - (-174)/30)*5790. Suppose 27*d - 21*d = f. What is the hundreds digit of d?
7
Let a(m) = 8*m**2 + m. Let u be a(1). Let n(t) = -t + 49. Let h be n(u). Let j = 6 + h. What is the units digit of j?
6
Suppose 35*o = b + 31*o - 10185, -2*b + 20397 = o. What is the ten thousands digit of b?
1
Suppose 0 = -2*l + 5*i + 129, 4*l + i + 2*i = 323. Let p = l + -45. Suppose -p*r = -30*r - 82. What is the units digit of r?
1
Let s(p) = p**2 - 1. Let a(y) = y**3 - 26*y**2 - 21*y + 3. Let j(w) = -a(w) - 6*s(w). Let n be j(21). Suppose n*i + 83 = 227. What is the tens digit of i?
4
Let g(r) = 53*r**2 - 3*r + 1. Let t(z) = z**3 - 7*z**2 + 4*z + 8. Let b be t(6). Let o be g(b). Suppose 2*y = -5*y + o. What is the hundreds digit of y?
1
Suppose -9*w + 174 = -7*w. Suppose 108 - 44 = 2*y + 4*j, -y + 35 = 3*j. Suppose -y = -t + 2*c, -3*t = 2*c + c - w. What is the units digit of t?
8
Let z be (-3)/4*(-640)/120. Suppose 0 = -z*y + 20, -4*a - 32*y + 33*y + 4967 = 0. What is the thousands digit of a?
1
Suppose -4*j - 3479 = d, -876 = -4*j + 5*j - d. Let p = j - -1482. What is the hundreds digit of p?
6
Suppose -955*u = -1008*u + 2151641. What is the ten thousands digit of u?
4
Let s be (98/(-4))/(4/16). Let z be 14*((-9)/18)/(2/16). Let b = z - s. What is the units digit of b?
2
Let g(f) = 99*f - 47. Suppose u = -4*w, 12*u + 1 = 11*u - 5*w. What is the hundreds digit of g(u)?
3
Let i(n) = -2*n**3 + 4*n**2 + 4*n + 13. Let f be i(5). What is the thousands digit of 151/5*(-62 - f)?
1
Let f(d) = -2*d**3 + 11*d**2 - 13*d - 26. Let c(l) = 3*l**3 - 17*l**2 + 20*l + 39. Let q(u) = -5*c(u) - 8*f(u). What is the units digit of q(7)?
7
Let j(g) = 998*g + 86. What is the units digit of j(10)?
6
Let d = -8141 - -5665. What is the units digit of (39/(-26))/((-1)/d*-2)?
7
Suppose 10*y - 14*y - 148 = 0. Let l = y + 34. What is the hundreds digit of l - 33*(-28)/6?
1
Let s = 107531 + -43904. What is the ten thousands digit of s?
6
Suppose 11*k = -j + 13*k + 7489, 2*k = -j + 7517. What is the tens digit of j?
0
Let j(x) = x**2 + 6*x + 9. Let m(o) = -10*o + 13. Let s be (22/6 - (-20)/(-30))*1. Let d be m(s). What is the hundreds digit of j(d)?
1
Let n be -6*5/10 + -18. Let r be n/(-49) - (-4799)/7. Suppose -r = -5*u - q, -2*q - 6 = 2. What is the hundreds digit of u?
1
Let b(u) = -167*u**3 + 49*u**2 - 13*u + 17. What is the tens digit of b(-5)?
8
Let c be (1196/44 - -1) + (-2)/11. Suppose 52*z - c = 50*z. Suppose u = 3*d + 111, 4*d - z = 5*u - 602. What is the units digit of u?
0
Suppose -62730 = -4*x + 5*h, 47065 = 78*x - 75*x + 5*h. What is the units digit of x?
5
What is the thousands digit of (5 + -13)/80*6 + (-63543)/(-5)?
2
Suppose 5*i = 3*p - 11 + 2, -4*i + 15 = 5*p. Let n be p - (4/(-7) + 15/(-35)). Let l(f) = -f**3 + 11*f**2 - 7*f + 9. What is the units digit of l(n)?
3
Let a be (0 - -4)*-1 + (-1224)/(-51). Suppose -8*p + 9912 = a*p. What is the hundreds digit of p?
3
Let s = 26981 - 15374. Suppose -16*w + s = -7657. What is the tens digit of w?
0
Suppose -g = 20*g - 2*g - 204896. What is the ten thousands digit of g?
1
Let m = 461 + -458. Suppose -3*g - m*u + 3993 = 0, 6*g - 2*u - 2642 = 4*g. What is the thousands digit of g?
1
Let y = 107 + -95. Let c be 0 - (-39)/y - 2/8. Suppose -695 = -8*d + c*d. What is the tens digit of d?
3
Let q(x) = -193*x**3 - 5*x**2 - 9*x - 2. Let l be q(-2). Suppose 3*m + m = -5*g + l, -385 = -m - 3*g. What is the hundreds digit of m?
3
Let p(k) = 4*k**2 + 27*k + 118. Suppose -6*i + 76 = 190. What is the units digit of p(i)?
9
Let d(w) = w + 23. Let l(q) = 2*q. Let s(v) = -d(v) - 6*l(v). What is the units digit of s(-14)?
9
What is the hundreds digit of (41 - 42)/(3*(-3)/39654)?
4
Let d be 1*5 - (-62)/(-62). Suppose 725 = 3*a - 4*u - 1988, 0 = d*a + 4*u - 3580. What is the units digit of a?
9
Suppose 0 = -l + 3*b + 16772, 92*l + b = 96*l - 67022. What is the units digit of l?
4
Let d = -775 + 1039. What is the tens digit of (3 - -5*d) + -4?
1
Let i(v) be the first derivative of -v**4/4 + 25*v**3/3 - 15*v**2/2 - 20*v + 211. What is the thousands digit of i(22)?
1
Let z be 0/2 - -5*1. What is the tens digit of 2 - 35/z - -256?
5
Let k(p) = 660*p**2 + 27*p - 55. What is the thousands digit of k(3)?
5
Let c be 2/(-8) + 168/32. Let u be 1 - c - (-1 + -7). Suppose -124 = -u*j + l + 121, 243 = 4*j + l. What is the tens digit of j?
6
Suppose -4*r = s, -s + 5*r + 0 = 36. Let v = 0 + s. What is the units digit of 28/v*(-1 - -1 - 4)?
7
Suppose 700*f = 693*f + 38171. What is the thousands digit of f?
5
Let a(j) be the second derivative of j**4/4 + j**3/6 + 15*j**2 + 2*j - 1. What is the hundreds digit of a(-11)?
3
Let p be 2*(-3)/18 + (-34)/(-3). Suppose 14 + 8 = p*w. Suppose -3*c + w*c + v + 141 = 0, 576 = 4*c - v. What is the units digit of c?
5
Let l be (-15)/(3/1) - -16. Suppose l*m = 10*m - 4. What is the units digit of (6/(-4))/(m/488)?
3
Let p = 53 + -52. Let f be (-3)/p + 9 - 1. Suppose -121 